late z(-61).
3
Let q(r) = 2*r**2 - 85*r - 292. Determine q(49).
345
Let r(j) = 37*j + 1766. What is r(-46)?
64
Let i(f) = 131*f + 697. Determine i(-5).
42
Let r(c) = -65*c + 347. Give r(5).
22
Let u(m) = -m**3 - 3*m**2 + 6*m - 2. Give u(-6).
70
Let v(h) = -2*h**3 + h**2 - 10*h + 20. What is v(4)?
-132
Let f(y) = 56*y - 109. What is f(4)?
115
Let k(p) = -4*p**3 + 26*p**2 + 7*p + 9. Determine k(7).
-40
Let i(k) = 149*k**2 - 2840*k + 174. What is i(19)?
3
Let d(l) = 3*l**2 - 255*l + 2004. Calculate d(76).
-48
Let w(b) = 3*b**2 + 185*b + 2018. Calculate w(-48).
50
Let o(v) = -304*v + 2141. What is o(7)?
13
Let v(n) = -2*n**3 + 71*n**2 + 15*n + 733. Determine v(36).
-23
Let a(u) = 64*u - 65. Determine a(-1).
-129
Let n(m) = 25*m**2 - 68*m - 16. Calculate n(3).
5
Let r(c) = 10*c**3 - 127*c**2 - 35*c - 51. What is r(13)?
1
Let a(f) = 2*f**3 - 149*f**2 - 55*f - 1492. Determine a(75).
8
Let l(r) = 2*r**2 + 81*r - 72. Calculate l(-42).
54
Let m(o) = 3986*o - 27912. Calculate m(7).
-10
Let l(k) = k**2 + 24*k + 117. Determine l(-8).
-11
Let j(u) = -2*u**2 + 223*u - 5501. Calculate j(37).
12
Let j(c) = -2*c**2 + 8*c + 863. Give j(-19).
-11
Let z(s) = -15*s + 167. Determine z(11).
2
Let u(o) = -154*o + 5670. Determine u(35).
280
Let l(c) = 5*c**2 + 55*c - 45. Give l(-13).
85
Let f(c) = -35*c - 992. Give f(-30).
58
Let q(c) = c**3 + 6*c**2 + 5*c - 4. Give q(-4).
8
Let g(k) = -123*k + 358. Calculate g(3).
-11
Let f(s) = 157*s - 291. What is f(2)?
23
Let d(u) = -34*u**2 + 6. Give d(2).
-130
Let c(f) = f**2 - 59*f + 500. What is c(48)?
-28
Let f(h) = -247*h - 2255. Calculate f(-10).
215
Let z(b) = -b**2 - 57*b - 759. What is z(-23)?
23
Let b(j) = 6*j**3 + 1551*j**2 - 778*j - 242. What is b(-259)?
17
Let b(m) = -m**2 - 27*m - 169. What is b(-7)?
-29
Let o(x) = -x**3 + 84*x**2 - 87*x + 331. Give o(83).
-1
Let g(d) = 212*d + 11. Calculate g(-1).
-201
Let s(o) = -3*o**3 + 52*o**2 - 15*o - 31. Calculate s(17).
3
Let m(h) = h**3 - 7*h**2 - 54*h + 256. Give m(4).
-8
Let j(b) = b**3 - 8*b**2 + 134*b - 481. Give j(4).
-9
Let a(k) = -k**3 + 14*k**2 + k + 36. What is a(14)?
50
Let l(i) = -i**3 + 24*i**2 - 101*i + 436. What is l(20)?
16
Let i(w) = -w**3 + 10*w**2 - 15*w + 5. Determine i(6).
59
Let d(x) = -2*x**3 + 6*x**2 - 3*x - 9. What is d(3)?
-18
Let t(w) = -185*w**2 + 567*w - 41. Determine t(3).
-5
Let g(i) = 3*i**3 - 19*i**2 + 47*i + 60. What is g(5)?
195
Let g(m) = 19*m**2 - 14*m + 82. Calculate g(-7).
1111
Let n(p) = -p**3 + 43*p**2 + 37*p + 316. Calculate n(44).
8
Let p(c) = -c**3 + 148*c**2 + 85*c + 32260. What is p(150)?
10
Let k(h) = 25*h + 1190. What is k(-47)?
15
Let b(l) = -l**2 + 20*l + 770. What is b(40)?
-30
Let a(d) = 36*d - 1940. Calculate a(54).
4
Let j(i) = 51*i**2 + 454*i - 28. Determine j(-9).
17
Let i(m) = 63*m + 7485. Give i(-119).
-12
Let s(c) = c**2 + 65*c + 709. What is s(-14)?
-5
Let u(b) = -b**3 - 3*b**2 + 110*b + 1. What is u(-12)?
-23
Let t(i) = 18*i + 55. What is t(8)?
199
Let z(c) = -3*c**2 + 38*c + 131. Determine z(15).
26
Let z(v) = v**3 - 26*v**2 - 30*v - 21. What is z(27)?
-102
Let n(w) = -w**3 + 75*w**2 + 239*w - 351. Determine n(78).
39
Let j(z) = -z**2 - 178*z - 2874. What is j(-18)?
6
Let s(i) = -2*i**3 - 91*i**2 - 42*i + 74. Determine s(-45).
-61
Let a(r) = 495*r - 19325. Give a(39).
-20
Let j(i) = -i**2 - 3187*i - 12733. Determine j(-4).
-1
Let t(a) = 26*a - 541. Determine t(27).
161
Let x(i) = 11*i**2 - 531*i + 144. Determine x(48).
0
Let d(l) = l**2 + 126*l + 721. What is d(-120)?
1
Let g(z) = 7*z + 266. Determine g(-36).
14
Let a(u) = 154*u - 1767. Determine a(13).
235
Let m(g) = 150*g**3 - 5*g**2 - 4*g + 1. Give m(-1).
-150
Let f(o) = -30373*o + 60751. What is f(2)?
5
Let v(i) = -7*i**2 - 12*i + 54. Calculate v(5).
-181
Let u(j) = j**3 - 3*j**2 + 86*j + 9. Calculate u(0).
9
Let l(u) = 319*u - 6695. Give l(21).
4
Let d(h) = -h**2 - 29*h + 97. Determine d(-28).
125
Let h(a) = 18*a - 441. Determine h(24).
-9
Let t(w) = 2*w**2 + 2*w - 71. Give t(6).
13
Let x(p) = -9*p**2 + 33*p - 120. What is x(3)?
-102
Let z(k) = -k**2 - 48*k - 477. Give z(-14).
-1
Let s(f) = f**3 + 26*f**2 - 14*f - 47. Give s(-27).
-398
Let j(f) = 55*f**2 + 423*f + 18. What is j(-7)?
-248
Let y(s) = -s**3 - 11*s**2 + 128*s + 37. What is y(-18)?
1
Let j(y) = 2*y**2 - 24*y - 258. Give j(19).
8
Let q(y) = -14*y**2 + 15*y - 6. What is q(2)?
-32
Let y(x) = 237*x + 1428. Give y(-6).
6
Let i(o) = 214*o - 17334. Calculate i(81).
0
Let m(a) = -a**2 + 2343*a + 32993. What is m(-14)?
-5
Let r(x) = -2*x**3 - 20*x**2 + 46*x - 5. Give r(-12).
19
Let o(g) = -90*g - 3877. What is o(-48)?
443
Let f(r) = r**2 - 40*r + 85. Give f(37).
-26
Let l(z) = -68*z + 28. What is l(-2)?
164
Let k(g) = 63*g - 497. What is k(6)?
-119
Let v(k) = 77*k - 161. What is v(2)?
-7
Let t(x) = 3*x**2 - 342*x + 2257. What is t(7)?
10
Let i(y) = y**2 - 17*y + 49. Determine i(7).
-21
Let c(g) = g**3 + 6*g**2 - 166*g + 315. Give c(2).
15
Let r(i) = -2*i**3 - 121*i**2 + 668*i - 67. Calculate r(5).
-2
Let h(f) = -12*f**3 - 8*f**2 - 14*f - 6. Determine h(-1).
12
Let h(w) = 19*w - 63. Give h(-4).
-139
Let u(p) = -3*p**3 + 11*p**2 - 27*p + 84. Give u(4).
-40
Let n(w) = 10*w - 116. Calculate n(15).
34
Let u(l) = 2*l**3 - 33*l**2 + 23*l - 116. Give u(16).
-4
Let p(o) = -o**2 - 29*o - 187. What is p(-11)?
11
Let c(o) = o**3 - 56*o**2 + 163*o - 213. Give c(53).
-1
Let j(n) = -12*n - 143. Determine j(-8).
-47
Let l(n) = -n**2 - 969*n - 6723. Calculate l(-7).
11
Let b(f) = -49*f + 964. Give b(20).
-16
Let z(a) = a**3 - 45*a**2 - 101*a + 241. What is z(47)?
-88
Let h(v) = 18*v - 189. What is h(8)?
-45
Let g(v) = 3*v**3 + 82*v**2 - 343*v - 89. Give g(-31).
-27
Let q(i) = i**3 - 3*i**2 + 6*i - 17. Calculate q(3).
1
Let c(j) = -28*j + 157. Give c(5).
17
Let s(l) = 56*l + 277. Determine s(-5).
-3
Let z(n) = -n**3 - 8*n**2 + 3*n + 49. What is z(-8)?
25
Let z(l) = 7*l + 10. Determine z(-7).
-39
Let p(n) = 4*n - 141. Determine p(18).
-69
Let p(w) = -w**3 - 17*w**2 - 58*w + 20. Determine p(-13).
98
Let i(n) = -7*n**2 + 73*n + 2142. What is i(-13)?
10
Let t(r) = -11*r + 559. Give t(39).
130
Let x(y) = -y**2 + 65*y + 4. What is x(57)?
460
Let q(o) = o**3 + 3*o**2 - 50*o - 25. What is q(6)?
-1
Let i(x) = -35*x - 354. Give i(-25).
521
Let g(f) = -f**3 - 30*f**2 - 38*f + 74. Calculate g(-29).
335
Let j(d) = d**2 + 50*d + 437. Give j(-31).
-152
Let w(a) = a**3 - 19*a**2 - 24*a - 22. Calculate w(21).
356
Let w(g) = 214*g**2 + 3851*g - 11. Give w(-18).
7
Let j(p) = 3*p**2 + 198*p + 200. Calculate j(-66).
200
Let z(l) = -l**3 - 10*l**2 + 20*l + 49. Calculate z(-11).
-50
Let l(t) = 17*t**2 - 950*t - 135. What is l(56)?
-23
Let t(s) = 1128*s - 7929. Calculate t(7).
-33
Let a(i) = -4*i**2 - 248*i + 3896. Determine a(13).
-4
Let w(i) = -i**2 - 37*i + 1123. Give w(20).
-17
Let q(r) = 5*r**3 - 87*r**2 + 30*r + 93. Calculate q(17).
25
Let n(l) = -63*l - 215. What is n(-4)?
37
Let s(p) = -7*p**2 + 8*p + 47. Calculate s(-7).
-352
Let n(w) = -2*w**2 - 8*w - 57. Calculate n(-11).
-211
Let i(w) = 2*w**3 - 167*w**2 - 88*w + 342. Calculate i(84).
6
Let c(u) = -2*u**3 - 5*u**2 + 9*u + 27. Calculate c(-2).
5
Let w(b) = 333*b + 23312. Determine w(-70).
2
Let o(k) = -24*k + 203. Give o(17).
-205
Let n(s) = 51*s - 3665. Calculate n(72).
7
Let d(z) = -z**2 - 82*z + 647. What is d(-89)?
24
Let v(a) = -3*a**3 + 25*a - 55. Give v(2).
-29
Let w(f) = 264*f - 1321. Give w(5).
-1
Let v(s) = -2*s**2 + 128*s + 1166. Calculate v(72).
14
Let b(s) = 2*s + 124. Calculate b(-6).
112
Let t(j) = 15*j**2 + 230*j + 882. Calculate t(-8).
2
Let m(y) = y**2 - 48*y - 587. Determine m(-10).
-7
Let c(d) = d**2 + 279*d - 3456. Calculate c(12).
36
Let s(t) = -700*t - 2109. Give s(-3).
-9
Let f(a) = 360*a - 2512. Determine f(7).
8
Let q(a) = a**3 + 18*a**2 - 286*a + 388. Give q(9).
1
Let y(v) = -v**3 - 34*v**2 - 63*v + 20. Determine y(-32).
-12
Let f(o) = -o**3 - 229*o**2 - 900*o - 3. Determine f(-4).
-3
Let y(v) = -v - 86. Give y(-4).
-82
Let v(w) = -2*w**2 - 116*w + 395. Calculate v(-61).
29
Let f(z) = 30*z - 468. Calculate f(36).
612
Let c(p) = -p**3 - 63*p**2 - 863*p + 56. Give c(-20).
116
Let g(a) = a**2 + 294*a + 6477. What is g(-24)?
-3
Let g(q) = 4*q**2 - 90*q + 110. Calculate g(20).
-90
Let k(c) = -c**2 - 193*c - 3290. Determine k(-19).
16
Let c(b) = -3*b**3 - 57*b**